e (-958)/(-12) + (-2)/(-12). Let z = x - 27. Suppose 0*m + 2*m = 36. What is the remainder when z is divided by m?
17
Suppose -327 + 4846 = 44*s + 471. Calculate the remainder when s is divided by 78.
14
Suppose 0 = q - 1 - 1, q = -2*j + 82. Suppose 3*n - 8 + 2 = 0, -5*n - j = -5*c. Suppose -52 = -6*y - c. What is the remainder when 17 is divided by y?
3
Suppose v - 23 = 58. What is the remainder when v is divided by ((-36)/66)/((-171)/3762)?
9
Let u = 11562 + -10706. Calculate the remainder when 1731 is divided by u.
19
Suppose 7*z + 120 - 512 = 0. Let c = z - 50. What is the remainder when 24 is divided by c?
0
Suppose -584*v + 589*v = 2505. Calculate the remainder when 530 is divided by v.
29
Let v(g) = g**2 + g - 26. Let j(o) = -o**2 + 9*o - 12. Let k be j(6). Let s be v(k). Suppose 50 = -11*p + s*p. Calculate the remainder when 19 is divided by p.
9
Let x = -103 - -294. Let p be (360/(-75))/((-6)/(-140)). Let r = p + x. What is the remainder when r is divided by 27?
25
Suppose 93*u - 99*u = 18. What is the remainder when 152 is divided by 25 + (-1 - (u + 5)) - 5?
16
Suppose 15*d = 75*d + 27*d - 1566. Let n(i) = i**3 + 3*i**2 - i + 2. Let y = 4 - 7. Calculate the remainder when d is divided by n(y).
3
Let l(c) = -c**3 - 12*c**2 + 32*c + 505. What is the remainder when 235 is divided by l(-12)?
114
Let y(u) = 5*u**2 - 11*u - 45. What is the remainder when y(25) is divided by 26?
23
Let g be (-4 - (5 + -9))/(-2 + 5). Suppose 5 + 10 = 3*j, g = -2*d - 5*j + 223. Calculate the remainder when d is divided by 17.
14
Let u = 943 + -818. Calculate the remainder when u is divided by 76.
49
What is the remainder when 211 is divided by (222/9*(-6)/(-4))/(3 - 2)?
26
Suppose -7*m + 1334 + 1403 = 0. Suppose m = 3*x + 1123. Calculate the remainder when 101 is divided by (-1)/(4 + x/60).
11
Suppose 28 - 10 = 9*y. Suppose -3 = 4*z - 19, 80 = -4*g + y*z. Let u(i) = i**3 + 19*i**2 + 19*i + 25. Calculate the remainder when 19 is divided by u(g).
5
Let v(x) = -32*x - 190. Let i be v(-21). Let m(c) = 2*c + 4. Calculate the remainder when 75/100 + i/8 is divided by m(6).
13
Let j(t) = -3*t**2 + 2*t - 2. Let o be j(1). Let f be (-2)/o*(-4 + -1 - -8). Suppose f*k + x = 47, 2 - 5 = x. Calculate the remainder when 70 is divided by k.
20
What is the remainder when 2285 + (847/119 - (7 - (-351)/(-51))) is divided by 31?
29
Suppose 72*x - 5653 = -5*o + 69*x, -4*o = -5*x - 4478. What is the remainder when o is divided by 21?
14
Suppose -3460 = -5*f - 5*j, -3*f - 5*j + 354 = -1718. Calculate the remainder when f is divided by 99.
1
Let c be 108 + 10 - (-3)/((-3)/2). Let n = c + -111. Suppose -m - 473 + 25 = -3*r, -5*r - n*m + 760 = 0. What is the remainder when r is divided by 38?
36
What is the remainder when 5 + 8/((-88)/(-31801)) is divided by 138?
136
Suppose v + 4*t - 15 = 0, 5*t - 3 = 3*v + v. Suppose -v*w = -2*w - 10. Calculate the remainder when 81/3 + (-1 - -2) is divided by w.
8
Suppose -i - 1088 + 1106 = 0. Calculate the remainder when (-4)/(-8) + (-101)/(-2) is divided by i.
15
Let z(d) be the second derivative of d**5/10 + 7*d**4/4 + 7*d**3/6 + 11*d**2/2 + 25*d. What is the remainder when (-158)/(-3)*21/14 is divided by z(-10)?
38
Let v = 4946 + -4913. Calculate the remainder when 772 is divided by v.
13
Let i = -38 - -40. Suppose -6 = -b + x, 5 = 4*b + 2*x - 1. Suppose -g + i*r + 0 = -b, -2*g - r = -26. Calculate the remainder when 19 is divided by g.
8
Suppose 124 = 5*j - 10*y + 9*y, 0 = 4*y + 16. What is the remainder when 36*(-2)/16*-26 is divided by j?
21
Let u = 9519 - 9485. What is the remainder when 1286 is divided by u?
28
Suppose -i + 3*y = 4*y - 35, 4*i - y = 160. Suppose 0 = -4192*n + 4190*n + 3*t + 33, 3*n + 2*t - 30 = 0. Calculate the remainder when i is divided by n.
3
Suppose 5*p = 4*r + 13925, -2327*p + 5573 = -2325*p - r. Calculate the remainder when p is divided by 15.
14
Let r(c) = 101*c - 158. Calculate the remainder when r(2) is divided by 15.
14
Suppose -3*w + 59 = 47. Suppose -180 = -3*g - 3*t, t = -3*g + w*g - 58. Calculate the remainder when 234 is divided by g.
57
Let q(m) = -3*m**3 + 17*m**2 + 9*m - 4. Let j(a) = a**2 - 2*a + 3. Let i be j(3). Calculate the remainder when 97 is divided by q(i).
13
Suppose -5*v - 192 = -1687. What is the remainder when v is divided by 42?
5
Suppose -184 = -4*m + 96. Suppose m*p = 79*p - 117. Calculate the remainder when 133 is divided by p.
3
Let y(h) = -8*h - 2. Let g be y(-10). Let d = g + -18. What is the remainder when 73 is divided by d/42*14/4?
3
Let f(t) = t**3 + 6*t**2 + 5*t + 56. Let b be f(-9). Let q = -34 - b. What is the remainder when q is divided by 53?
39
Let g(o) = -26*o**2 - o - 13. Let b(p) = -p**2 - 1. Let m(r) = 6*b(r) - g(r). Calculate the remainder when m(2) is divided by 13.
11
Let c(v) = v + 7. Let o be c(-2). Suppose -63 = -z + o*w + 5, 0 = -4*z - 3*w + 364. What is the remainder when z is divided by 9?
7
Let g = 20 - 4. Suppose 0 = 5*h + 2*u + 25 + 7, 2*u - g = 3*h. What is the remainder when 27 is divided by (24/16)/(h/(-40))?
7
Suppose 5*k - 39*k = -952. What is the remainder when 306 is divided by k?
26
Suppose 0*b + 135 = 5*b. What is the remainder when (69/9)/(4/336*-166 - -2) is divided by b?
25
Suppose 0 = -r - 4, 6 = -2*h + r + 34. What is the remainder when 785 is divided by h?
5
Let j(t) = t**3 - 37*t**2 - 40*t + 90. Suppose 2*d - 12 = -2. Suppose -50 = -d*a - 30. What is the remainder when j(38) is divided by a?
2
Let u be (6 - 12 - -7) + 1/1. Suppose 5*y = u*b + 26, -2*y + 5*b + 1 + 1 = 0. What is the remainder when 22 is divided by y?
4
Suppose -8*p + 13*p = 465. Suppose -2*n + s - 60 + 118 = 0, -3*s = -n + 24. Calculate the remainder when p is divided by n.
3
Let g be 15 - (3 - 12/3). What is the remainder when (g - 5)/((-1)/(-74)*2) is divided by 41?
38
Let x = 709 + -680. Calculate the remainder when 192 is divided by x.
18
Let c = 75 - 17. What is the remainder when c is divided by 65 + -70 + (20 - -1)?
10
Suppose 4*y = w - 103, -24*y + 151 = w - 20*y. What is the remainder when 1139 is divided by w?
123
Let g = -2 + 2. Let a be 7/2 + ((-6)/4)/3. Suppose g = 4*d + 8, -3*d - 330 = -a*v - 6*d. Calculate the remainder when v is divided by 29.
25
Let i(x) = 20*x - 60. Let c = 275 + -271. Calculate the remainder when 41 is divided by i(c).
1
Let f(b) = -7*b - 23. Suppose -3*s = 11*s + 28. Let h = s + -10. Calculate the remainder when f(h) is divided by 32.
29
Suppose 83*c + 1267 = 90*c. What is the remainder when c is divided by 14?
13
Let j(q) = 3*q**2 - 118*q + 971. Calculate the remainder when 2408 is divided by j(8).
218
Let y = -959 - -1342. Let p = y + -135. What is the remainder when p is divided by 82?
2
Suppose -66*s + 790 = -3764. Calculate the remainder when s is divided by 4.
1
Let f = -551 - -502. Let t = 7 - f. What is the remainder when t is divided by 1?
0
Suppose k - 2*l - 2324 = 0, -2*l + 3 = 1. What is the remainder when k is divided by 1157?
12
Suppose 109 = 23*y - 52. Suppose 2*n + 423 = y*n - 2*z, 0 = 2*n - 5*z - 165. Calculate the remainder when 166 is divided by n.
81
Suppose 644 = 15601*r - 15587*r. Calculate the remainder when 426 is divided by r.
12
Let l(u) = 3*u**2 + 5*u + 10. Let g be l(-2). Suppose 7 = 5*b - 13, -2*x - 5*b = -g. Calculate the remainder when 118 is divided by (1449/(-324) - (-4)/18)*x.
16
Let k = -441 + 746. Suppose 312*c - 245 = k*c. What is the remainder when c is divided by 27?
8
Let g = 0 - -1. Suppose 552 = -6*y - 2*y. Let n = y - -70. What is the remainder when g is divided by n?
0
Let p(i) = -4*i + 28. Let d be p(5). Let s(l) = 4*l + 8. Calculate the remainder when 479 is divided by s(d).
39
Suppose 183*c - 507 - 824 = 62*c. Calculate the remainder when 165 is divided by c.
0
Suppose -196*f + 102*f = -61*f - 957. Let o = 28 - -202. Suppose -3*c + o = -c. Calculate the remainder when c is divided by f.
28
Let x(b) = 3*b**3 - 134*b**2 - 185*b + 53. Calculate the remainder when 277 is divided by x(46).
4
Let v(h) = h + 18. Let y(l) = 8*l - 1 + l**2 - 11*l - 3*l. What is the remainder when v(10) is divided by y(7)?
4
Calculate the remainder when 264 is divided by ((-5)/(50/(-12)))/(12*(-11)/(-13530)).
18
Suppose 0 = -4*k + 3*t + 32, -3*k + 3*t - 2*t + 19 = 0. What is the remainder when 1021 is divided by k?
